 base 8.
3
What is 3 (base 14) in base 11?
3
What is -211 (base 5) in base 8?
-70
c (base 14) to base 2
1100
-1132 (base 5) to base 10
-167
3 (base 8) to base 5
3
What is 3 (base 15) in base 16?
3
Convert 7a (base 13) to base 15.
6b
What is -5 (base 9) in base 6?
-5
Convert 2 (base 16) to base 4.
2
What is 31 (base 8) in base 15?
1a
Convert 5 (base 6) to base 5.
10
What is 18 (base 10) in base 11?
17
Convert -47 (base 14) to base 6.
-143
2 (base 10) to base 16
2
What is -23 (base 6) in base 5?
-30
0 (base 13) to base 8
0
Convert -1100000 (base 2) to base 12.
-80
a (base 12) to base 15
a
What is 21 (base 4) in base 12?
9
6 (base 9) to base 15
6
7 (base 14) to base 6
11
Convert 30 (base 14) to base 10.
42
What is -1 (base 5) in base 13?
-1
What is -3 (base 8) in base 4?
-3
5 (base 6) to base 12
5
-4 (base 7) to base 11
-4
3 (base 4) to base 10
3
What is 4 (base 8) in base 5?
4
Convert 5 (base 9) to base 16.
5
Convert b (base 14) to base 12.
b
Convert -2 (base 16) to base 2.
-10
Convert -22 (base 10) to base 12.
-1a
12 (base 3) to base 2
101
Convert -85 (base 9) to base 12.
-65
49 (base 11) to base 4
311
What is 1 (base 7) in base 10?
1
Convert 446 (base 7) to base 11.
19a
Convert -64 (base 7) to base 10.
-46
What is 62 (base 16) in base 14?
70
-4 (base 13) to base 10
-4
Convert -1 (base 4) to base 14.
-1
-5 (base 9) to base 15
-5
Convert 249 (base 11) to base 12.
207
What is 1022 (base 3) in base 12?
2b
What is 0 (base 4) in base 12?
0
1 (base 8) to base 15
1
4 (base 7) to base 3
11
What is -48 (base 14) in base 5?
-224
-10 (base 2) to base 6
-2
What is -11 (base 9) in base 4?
-22
Convert 2 (base 11) to base 9.
2
Convert 400 (base 5) to base 3.
10201
Convert 33 (base 8) to base 6.
43
Convert 1 (base 2) to base 6.
1
Convert -1 (base 7) to base 9.
-1
What is -67 (base 9) in base 10?
-61
Convert 1 (base 13) to base 7.
1
What is -8 (base 14) in base 13?
-8
-8b (base 15) to base 7
-245
-20 (base 9) to base 8
-22
Convert -24 (base 12) to base 2.
-11100
Convert -8 (base 16) to base 7.
-11
What is -10000100 (base 2) in base 14?
-96
-96 (base 10) to base 7
-165
What is -6 (base 14) in base 2?
-110
-86 (base 10) to base 4
-1112
4 (base 10) to base 11
4
What is -2a8 (base 11) in base 7?
-1023
What is 25 (base 16) in base 4?
211
-251 (base 7) to base 3
-11222
Convert -2 (base 5) to base 3.
-2
2 (base 13) to base 9
2
What is -195 (base 15) in base 12?
-265
What is -2 (base 10) in base 6?
-2
What is -100 (base 3) in base 15?
-9
Convert 10001 (base 3) to base 16.
52
What is -1 (base 10) in base 4?
-1
What is -1 (base 15) in base 11?
-1
What is -21 (base 4) in base 5?
-14
What is -27 (base 14) in base 3?
-1022
-4a (base 16) to base 15
-4e
Convert -2143 (base 5) to base 6.
-1214
What is b (base 12) in base 9?
12
Convert 8 (base 13) to base 8.
10
Convert 1 (base 12) to base 4.
1
-250 (base 8) to base 12
-120
Convert 1 (base 3) to base 16.
1
What is 260 (base 8) in base 14?
c8
What is 1c (base 14) in base 6?
42
Convert -10 (base 4) to base 7.
-4
What is -2 (base 13) in base 5?
-2
61 (base 14) to base 16
55
Convert 1 (base 5) to base 4.
1
What is 11111 (base 2) in base 8?
37
What is -10 (base 3) in base 9?
-3
1102 (base 3) to base 5
123
-5 (base 16) to base 13
-5
Convert 2 (base 6) to base 2.
10
What is 3 (base 8) in base 13?
3
-130 (base 12) to base 9
-220
1 (base 13) to base 16
1
What is -8 (base 15) in base 7?
-11
Convert -1 (base 15) to base 2.
-1
Convert -48 (base 10) to base 11.
-44
Convert -66 (base 16) to base 4.
-1212
-341 (base 8) to base 9
-270
What is 20202 (base 3) in base 12?
132
What is 10101 (base 2) in base 10?
21
Convert 12 (base 15) to base 14.
13
What is -4 (base 8) in base 14?
-4
Convert 3 (base 4) to base 9.
3
Convert 101111 (base 2) to base 15.
32
What is 200 (base 3) in base 9?
20
Convert -da (base 15) to base 6.
-541
-4 (base 14) to base 3
-11
10010 (base 2) to base 12
16
What is -5 (base 12) in base 16?
-5
Convert 43 (base 12) to base 8.
63
75 (base 9) to base 15
48
Convert -5c (base 13) to base 10.
-77
Convert 316 (base 10) to base 14.
188
What is 89 (base 15) in base 3?
11210
What is -46 (base 10) in base 3?
-1201
4 (base 10) to base 2
100
-4 (base 13) to base 9
-4
346 (base 7) to base 13
10c
What is -62 (base 8) in base 10?
-50
Convert -4 (base 9) to base 3.
-11
What is 10 (base 13) in base 8?
15
2 (base 15) to base 12
2
Convert -c (base 15) to base 13.
-c
151 (base 13) to base 11
1a4
2 (base 13) to base 3
2
What is 122 (base 5) in base 6?
101
Convert 1100 (base 2) to base 12.
10
Convert -1211 (base 3) to base 10.
-49
321 (base 9) to base 15
127
16 (base 12) to base 3
200
-44 (base 5) to base 4
-120
What is 1 (base 2) in base 3?
1
45 (base 10) to base 7
63
Convert 42 (base 6) to base 15.
1b
Convert 4 (base 9) to base 4.
10
What is 2 (base 6) in base 11?
2
13 (base 13) to base 4
100
5 (base 8) to base 15
5
0 (base 8) to base 13
0
-6 (base 9) to base 4
-12
16 (base 14) to base 9
22
Convert 0 (base 14) to base 15.
0
Convert 1001 (base 2) to base 9.
10
Convert 4 (base 7) to base 11.
4
Convert 1113 (base 4) to base 2.
1010111
-10221 (base 3) to base 16
-6a
What is 5 (base 15) in base 7?
5
Convert -15 (base 11) to base 9.
-17
Convert -3 (base 14) to base 12.
-3
Convert 0 (base 4) to base 8.
0
Convert -11 (base 14) to base 8.
-17
Convert -7b (base 12) to base 16.
-5f
What is -2 (base 12) in base 14?
-2
Convert 1 (base 4) to base 10.
1
Convert -100 (base 2) to base 11.
-4
-2 (base 12) to base 16
-2
-190 (base 15) to base 16
-168
What is -8 (base 16) in base 14?
-8
4 (base 6) to base 9
4
Convert 5 (base 9) to base 8.
5
20 (base 14) to base 13
22
What is a (base 12) in base 14?
a
Convert -2 (base 3) to base 8.
-2
What is 2 (base 13) in base 10?
2
What is 100 (base 2) in base 6?
4
1 (base 4) to base 8
1
-3 (base 15) to base 8
-3
Convert 10 (base 6) to base 10.
6
Convert 220 (base 5) to base 10.
60
Convert -1 (base 15) to base 7.
-1
What is -121 (base 3) in base 4?
-100
What is -83 (base 13) in base 14?
-79
Convert -3 (base 13) to base 4.
-3
-4c (base 14) to base 2
-1000100
12 (base 10) to base 2
1100
13 (base 13) to base 14
12
Convert 10 (base 13) to base 8.
15
Convert 2 (base 16) to base 11.
2
14 (base 10) to base 15
e
Convert 69 (base 16) to base 13.
81
What is -1 (base 15) in base 11?
-1
What is -221 (base 4) in base 16?
-29
What is 3 (base 12) in base 5?
3
What is -2 (base 14) in base 8?
-2
-7 (base 10) to base 2
-111
What is 11 (base 10) in base 7?
14
Convert -a6 (base 12) to base 9.
-150
Convert -11 (base 6) to base 11.
-7
What is -101 (base 2) in base 12?
-5
What is 8 (base 15) in base 7?
11
What is 3 (base 4) in base 13?
3
Convert -1 (base 16) to base 2.
-1
1 (base 3) to base 12
1
-1110011 (base 2) to base 11
-a5
What is -2 (base 3) in base 2?
-10
Convert 18 (base 14) to base 16.
16
Convert 2 (base 4) to base 9.
2
Convert 18 (base 14) to base 5.
42
3 (base 8) to base 16
3
Convert 74 (base 12) to base 2.
1011000
1 (base 3) to base 7
1
Convert -236 (base 13) to base 8.
-577
What is -4 (base 13) in base 14?
-4
-10 (base 2) to base 9
-2
Convert 5 (base 15) to base 11.
5
1 (base 8) to base 11
1
Convert 18 (base 15) to base 13.
1a
-178 (base 14) to base 11
-255
Convert -13 (base 9) to base 10.
-12
What is 222 (base 8) in base 9?
172
Convert -3 (base 13) to base 16.
-3
Convert -440 (base 7) to base 10.
-224
-240 (base 6) to base 14
-6c
Convert -b9 (base 16) to base 8.
-271
Convert 23 (base 11) to base 10.
25
1 (base 14) to base 13
1
What is -3 (base 4) in base 6?
-3
Convert -4 (base 8) to base 10.
-4
4 (base 14) to base 16
4
7 (base 14) to base 16
7
7 (base 14) to base 13
7
What is -50 (base 10) in base 11?
-46
What is -1 (base 7) in base 2?
-1
What is -a (base 14) in base 6?
-14
-2 (base 10) to base 4
-2
-100 (base 3) to base 6
-13
-50 (base 8) to base 9
-44
225 (base 6) to base 4
1121
Convert -22 (base 4) to base 3.
-101
What is 4 (base 14) in base 7?
4
Convert -10101 (base 2) to base 12.
-19
-454 (base 6) to base 12
-12a
Convert 3 (base 14) to base 7.
3
3 (base 6) to base 13
3
What is 10 (base 9) in base 14?
9
-130 (base 8) to base 5
-323
Convert -1010 (base 3) to base 2.
-11110
Convert -a (base 15) to base 7.
-13
What is 7 (base 12) in base 10?
7
What is -1f (base 16) in base 13?
-25
22 (base 8) to base 4
102
-211 (base 4) to base 16
-25